ue
Suppose -20 = -7*y + 3*y. Let x(j) = -j**3 + 5*j**2 + 2*j. Does 5 divide x(y)?
True
Suppose k + 14 = -k. Let m = -5 - k. Let a = m - -1. Does 3 divide a?
True
Let h(f) be the second derivative of -10*f**3/3 - 2*f**2 + 4*f. Does 28 divide h(-3)?
True
Suppose 62 = 5*x - 33. Is 9 a factor of x?
False
Let j be (2/4)/(-1)*-4. Suppose -4*q + 6 = -10*q. Does 17 divide -17*(q - (-1 + j))?
True
Is (41 + 1)*(5 - 87/21) a multiple of 12?
True
Let v be 9/4*1088/12. Suppose g + 3*g = v. Is g a multiple of 17?
True
Let c = 401 - 271. Suppose 0*v - c = -v. Let t = -82 + v. Does 14 divide t?
False
Is 738/12*10/3 a multiple of 10?
False
Let g = -24 + -16. Let v = g - -26. Is 2 a factor of (v/21)/((-4)/18)?
False
Suppose -3*s = -0*d + 2*d - 14, 2*s + 4 = 0. Is d a multiple of 10?
True
Let d(u) = u**3 - 7*u**2 - 6*u + 7. Let r be d(7). Suppose -3*w - 19 = -5*f, 12 = -4*w - 0*w. Does 7 divide (r/15)/(f/(-6))?
True
Let x be (-18)/(-2)*16/3. Suppose 3*d + 3*v = x, 5 = -4*d + 2*v + 63. Does 12 divide (-2)/10 - (-423)/d?
False
Let u(z) = 59*z + 8. Let k be u(8). Suppose 4*f = k + 80. Suppose -5*o = 3*p - f, 4*p = -3*o + 2*p + 84. Does 24 divide o?
False
Suppose 9 + 11 = -5*y. Let l = -4 - y. Suppose -3*o = 5*a - 58, 4*a - a - o - 32 = l. Is a a multiple of 6?
False
Suppose q - 3*s - 25 = 0, -3*s - s - 10 = q. Suppose -w + 0*w + q = 0. Suppose w = -5*f, -5*i + 0*i = -4*f - 88. Is 6 a factor of i?
False
Let l(y) = y**3 + 4*y**2 - 3*y + 3. Let t(k) = -k**3 - 5*k**2 + 3*k - 3. Let f(g) = -4*l(g) - 3*t(g). Is 3 a factor of f(-3)?
True
Let d = 13 + 23. Is 18 a factor of d?
True
Let i(j) = 12*j**2 - j - 1. Suppose 0 = -0*z - 2*z. Let w(r) = r**3 + r**2 - 1. Let q be w(z). Is 12 a factor of i(q)?
True
Let g be (-3 - -2) + -3 + 4. Suppose -2*p + 3*m = -80, 3*p + 2*m = -g*m + 94. Does 14 divide p?
False
Let q be 5/3 - 1/(-3). Suppose 14 = 5*o - f - f, 2*o + 4*f = 20. Suppose q*g + 2*p = -3*p + 8, -3*g = -o*p - 58. Is g a multiple of 11?
False
Let q be (-606)/(-14) - (-10)/(-35). Suppose 5*w + 3 = q. Is 2 a factor of w?
True
Is 480/8 - (2 + 2) a multiple of 16?
False
Suppose -m + 6 = 2*m. Suppose 20 = 3*x + 4*q - 23, -3*x - m*q + 35 = 0. Is 3 a factor of x?
True
Let j(u) = u**2 + 16. Let o be 5/3 + 1/3. Let h = -2 + o. Is j(h) a multiple of 8?
True
Suppose 4*c + 7 = -4*j + 35, c - 2*j = 4. Is c a multiple of 6?
True
Let j be -3 + 6 - (1 + 1). Let t(d) = 8*d. Is t(j) a multiple of 8?
True
Let o(k) = 4*k**3 + k**2 - k - 1. Let i be o(-2). Let j = 1 - i. Does 28 divide j?
True
Suppose 4*i + 0*i - 4*m - 4 = 0, -5*i - 5*m = 15. Let c be (0 - i - -2) + -28. Let j = -11 - c. Is j a multiple of 7?
True
Let q be 105/(-2)*(-8)/6. Suppose 2*h + q = 5*r, h - 40 = -2*r - 12. Is 4 a factor of r?
False
Let x = -162 + 244. Is x a multiple of 11?
False
Suppose 0 = -2*v - 2*v + 116. Suppose 4*p - 61 = -3*y, -y = 2*p - 14 - 17. Suppose 3*h - v - p = 0. Does 8 divide h?
False
Let o(a) = 26*a**3 - a**2 - a. Suppose -3*n - 6 = 5*u + 7, n - 2*u = 3. Let i be o(n). Does 13 divide (-1)/((2/i)/1)?
True
Suppose 4*s + 60 = 588. Let q = s - 72. Suppose -3*g = -0*g - q. Is g a multiple of 20?
True
Let y(w) = 4*w**2 + 9*w - 6. Let r be y(-7). Suppose -5*h - 147 = -f - 10, 4*f = -5*h - r. Let p = h + 47. Is p a multiple of 10?
True
Suppose -4*d + 35 = 15. Let q(a) = -a**2 - 4 + d + 8*a - 10. Does 3 divide q(6)?
True
Suppose 4*w = m + 288, w - 162 = -w + 5*m. Is w a multiple of 18?
False
Let x = 476 - 340. Is 34 a factor of x?
True
Is 29 a factor of 6 - 3 - (-52)/2?
True
Suppose -9 = -4*y - 3*o + 19, 4*o = -y + 7. Suppose -y = -2*x - 27. Is (-34)/(-4) - (-5)/x a multiple of 3?
False
Let f(d) = -d - 1. Let q be f(-5). Let k be (-20)/(-15)*3/2. Suppose q*b - k*b - 26 = 0. Is b a multiple of 6?
False
Is 8 a factor of 3*(-8)/(-12) + 38?
True
Let i = 51 - 27. Is i a multiple of 8?
True
Suppose -30 = -14*w + 12*w. Let u = w + -7. Does 4 divide u?
True
Let l = 50 - 26. Let q(a) = 3*a**3 - a + 1. Let h be q(1). Suppose 2*i - j = -2*j + l, 2*i + h*j = 20. Is 13 a factor of i?
True
Does 22 divide 22/(0/8 - (-1)/6)?
True
Suppose 3*u = 29 - 2. Is u a multiple of 2?
False
Suppose 2*v = 16 - 0. Suppose -4*p - v = 3*m - 6*p, 0 = -4*m - 2*p - 6. Is 5 a factor of 12 + (-2 - 8/m)?
False
Let r be (-4 + 2)/2 + -4. Let t be (-5)/r - (-1 - -2). Let k(s) = -s**3 - s**2 + s + 10. Is 5 a factor of k(t)?
True
Let u(z) = 4*z + 2. Let r be u(3). Let p = r + -1. Is 4 a factor of p?
False
Let t(b) = 7 + 0*b + 3*b + 7*b**2 - 4. Let g = -6 + 4. Is 11 a factor of t(g)?
False
Let n = 6 - 4. Suppose -n*t - 5 = 3*t. Let d = 8 + t. Is 7 a factor of d?
True
Suppose -3*u + 0*u + 106 = -2*o, 28 = u + 3*o. Does 23 divide u?
False
Suppose 6*a - 54 = 3*a. Is 6 a factor of a?
True
Let i(t) be the second derivative of t**5/60 + t**4/8 - t**3/2 + t**2/2 + 2*t. Let v(q) be the first derivative of i(q). Is v(-5) a multiple of 3?
False
Suppose 4*f + 9 = -15. Let l be f/(-4)*(0 + 2). Is 4 a factor of (-2)/l*(-2 + -10)?
True
Is 21 a factor of -43*(6/33 + (-26)/22)?
False
Suppose 0 = 5*q - q + 12, 0 = -h - 4*q - 159. Let d = -101 - h. Is 23 a factor of d?
True
Suppose -24 = 8*m - 160. Is 3 a factor of m?
False
Suppose -9*s + 7*s = -14. Is s a multiple of 2?
False
Let o be ((-1)/(-2))/(1/6). Let u be (0 + 1)/(1 + -2). Is 3/(o*u/(-4)) a multiple of 4?
True
Let i(k) = -2*k**3 - 4*k**2 + 5*k + 1. Let t be i(-4). Suppose 5*j - t = 125. Does 13 divide j?
False
Let s = -30 + 78. Does 13 divide s?
False
Let u(i) = 8*i**2 - i - 2. Let x(c) = -2*c + 18. Let r be x(8). Is 14 a factor of u(r)?
True
Let g be (-24)/9*3/(-2). Suppose 1 = m - 2*b - 3, -32 = -5*m + g*b. Suppose -4*n = -2*r, -2 - m = r - 4*n. Does 5 divide r?
True
Suppose 2*a - 8 = -5*p + 16, -4*a + 4*p - 8 = 0. Suppose a = 4*j - 10. Is j/((-9)/(-51)) + -1 a multiple of 16?
True
Let a(v) = 2*v**2 - v - 7. Is a(4) a multiple of 3?
True
Is 24 a factor of ((-264)/(-18))/(2/18)?
False
Let h(q) = q**2 - 2*q + 19. Does 3 divide h(0)?
False
Suppose s = -0*s + 5. Suppose 2*i + 2*y - 15 - 71 = 0, -4*i - s*y + 169 = 0. Let h = -28 + i. Is h a multiple of 9?
True
Let w = 9 + -4. Suppose -g = -w*g - 8, -3*x + g = -128. Does 14 divide x?
True
Suppose 5*i + 43 = 2*y - 97, 2*y - 116 = -i. Let z = y + -20. Is 11 a factor of z?
False
Let v(y) be the first derivative of -27*y**2/2 + y + 2. Is v(-2) a multiple of 20?
False
Suppose 6*g - 1056 = -2*g. Is 44 a factor of g?
True
Let p(l) = -2*l**3 - l**2 - 2*l + 4. Let s(n) = -2*n**3 - 2*n**2 - 2*n + 4. Let v(c) = -3*p(c) + 2*s(c). Is 8 a factor of v(2)?
False
Let z(k) = -29*k - 5. Let g(a) = -15*a - 3. Let s(y) = 7*g(y) - 4*z(y). Is s(2) a multiple of 16?
False
Suppose -2*v + 381 = -3*u, -5*u + 6*u - 183 = -v. Is v a multiple of 6?
True
Let v be (-1)/(1 + -2 - 0). Suppose 0 = g + v - 7. Let q(y) = y**2 - 6*y + 3. Is q(g) even?
False
Let d(r) = -r**2 + 17*r + 8. Is 8 a factor of d(17)?
True
Let k(g) = -g**3 - 15*g**2 - 2*g - 22. Is k(-15) a multiple of 2?
True
Let i = -4 + 2. Let w = 24 + i. Does 16 divide w?
False
Suppose -t + 73 + 3 = 0. Is 19 a factor of t?
True
Let f = 30 + -6. Suppose -p = d + p - f, -p = -3*d + 58. Let l = d + -11. Does 9 divide l?
True
Let p = 71 + -47. Let s(t) = -t**2 - 3*t + 6. Let w be s(-4). Suppose l + w = p. Is l a multiple of 11?
True
Let b = -1 - -5. Is 3 a factor of 2/((b/2)/8)?
False
Let q(w) = -w**3 - 7*w**2 - 2*w + 2. Let c be q(-5). Suppose 3*x = -4 - 50. Let k = x - c. Is k a multiple of 10?
True
Let w = -2 - -2. Let t = w + 1. Let g(l) = 33*l**3 + 1. Is g(t) a multiple of 17?
True
Let o = -44 + 61. Is o a multiple of 17?
True
Suppose -12 - 3 = 5*m, -2*m + 9 = 5*a. Suppose 3*f = -5*q + 54 + 7, 2*q = a*f - 47. Let s = 29 - f. Is s a multiple of 6?
True
Let s(q) = 2*q - 3. Let j be s(4). Suppose c - t = 6, -j*c - 4*t = -0*t - 39. Is 7 a factor of c?
True
Suppose -v = -o + 34, -v = o + 4*v - 64. Is o a multiple of 17?
False
Let u = 75 + -39. Does 8 divide u?
False
Let k(p) = 3*p - 4. Let t be k(8). Suppose -g - g - t = -4*n, g + 5*n - 25 = 0. Suppose -5 = -v - g*h + 4*h, -2*h + 10 = 0. Does 15 divide v?
False
Suppose -453 = -5*i - z, -2*i + 4*z + 22 = -146. Is i a multiple of 30?
True
Suppose -3*n - 15 + 48 = 0. Suppose 43 = x - n. Does 27 divide x?
True
Let r be (-6)/9 - (-4)/6. Let x(p) = -p**3 - p**2 + 42. Does 21 divide x(r)?
True
Let q(